{"id":1140,"date":"2025-05-28T19:46:53","date_gmt":"2025-05-29T00:46:53","guid":{"rendered":"https:\/\/alumni.unach.edu.ec\/?page_id=1140"},"modified":"2025-06-24T12:56:03","modified_gmt":"2025-06-24T17:56:03","slug":"cursos-mooc","status":"publish","type":"page","link":"https:\/\/alumni.unach.edu.ec\/index.php\/cursos-mooc\/","title":{"rendered":"CURSOS MOOC"},"content":{"rendered":"\t\t<div data-elementor-type=\"wp-page\" data-elementor-id=\"1140\" class=\"elementor elementor-1140\">\n\t\t\t\t<div class=\"elementor-element elementor-element-6cc6391 e-flex e-con-boxed e-con e-parent\" data-id=\"6cc6391\" data-element_type=\"container\">\n\t\t\t\t\t<div class=\"e-con-inner\">\n\t\t\t\t<div class=\"elementor-element elementor-element-846d272 elementor-widget elementor-widget-html\" data-id=\"846d272\" data-element_type=\"widget\" data-widget_type=\"html.default\">\n\t\t\t\t<div class=\"elementor-widget-container\">\n\t\t\t\t\t<div class=\"simple-card-container\">\n    <!-- Card 1 -->\n    <div class=\"card\">\n        <a href=\"https:\/\/tinyurl.com\/2cgn2def\"  target=\"_blank\">\n            <img decoding=\"async\" src=\"https:\/\/alumni.unach.edu.ec\/wp-content\/uploads\/2025\/05\/2-2.jpg\"  alt=\"Uso de inteligencia artificial en la personalizaci\u00f3n del aprendizaje\">\n            <div class=\"card-text\">\n                <h3>Uso de inteligencia artificial en la personalizaci\u00f3n del aprendizaje<\/h3>\n                <p>Este curso introduce a los participantes en el uso de herramientas y t\u00e9cnicas de inteligencia artificial (IA) aplicadas al \u00e1mbito educativo, con \u00e9nfasis en la personalizaci\u00f3n del aprendizaje.<\/p>\n            <\/div>\n        <\/a>\n    <\/div>\n\n    <!-- Card 2 -->\n    <div class=\"card\">\n        <a href=\"https:\/\/tinyurl.com\/2cgn2def\"  target=\"_blank\">\n            <img decoding=\"async\" src=\"https:\/\/alumni.unach.edu.ec\/wp-content\/uploads\/2025\/05\/1-2.jpg\"  alt=\"Uso de la inteligencia artificial en la gesti\u00f3n docente MOOC\">\n            <div class=\"card-text\">\n                <h3>Uso de la inteligencia artificial en la gesti\u00f3n docente MOOC<\/h3>\n                <p>Este curso MOOC tiene como objetivo introducir a los docentes en el uso de herramientas de inteligencia artificial (IA) aplicadas a la planificaci\u00f3n, seguimiento y evaluaci\u00f3n del proceso educativo.<\/p>\n            <\/div>\n        <\/a>\n    <\/div>\n\n    <!-- Card 3 -->\n    <div class=\"card\">\n        <a href=\"https:\/\/tinyurl.com\/2cgn2def\"  target=\"_blank\">\n            <img decoding=\"async\" src=\"https:\/\/alumni.unach.edu.ec\/wp-content\/uploads\/2025\/05\/4-2.jpg\"  alt=\"English Essentials\">\n            <div class=\"card-text\">\n                <h3>English Essentials<\/h3>\n                <p>Dirigido a quienes ya tienen conocimientos b\u00e1sicos del idioma, este curso MOOC permite consolidar y ampliar competencias en ingl\u00e9s para la comunicaci\u00f3n en contextos personales, acad\u00e9micos y laborales.<\/p>\n            <\/div>\n        <\/a>\n    <\/div>\n\n    <!-- Card 4 -->\n    <div class=\"card\">\n        <a href=\"https:\/\/tinyurl.com\/2cgn2def\"  target=\"_blank\">\n            <img decoding=\"async\" src=\"https:\/\/alumni.unach.edu.ec\/wp-content\/uploads\/2025\/05\/3-2.jpg\"  alt=\"English Basic\">\n            <div class=\"card-text\">\n                <h3>English Basic<\/h3>\n                <p>Este curso MOOC est\u00e1 dise\u00f1ado para personas que inician su aprendizaje del idioma ingl\u00e9s. A trav\u00e9s de contenidos interactivos y pr\u00e1cticos, los participantes desarrollar\u00e1n habilidades b\u00e1sicas en comprensi\u00f3n y producci\u00f3n oral y escrita.<\/p>\n            <\/div>\n        <\/a>\n    <\/div>\n\n    <!-- Card 5 -->\n    <div class=\"card\">\n        <a href=\"https:\/\/alumni.unach.edu.ec\/wp-content\/uploads\/2025\/06\/INFOGRAFIA-CURSO-CONTEMPORANEO-1.pdf\"  target=\"_blank\">\n            <img decoding=\"async\" src=\"https:\/\/alumni.unach.edu.ec\/wp-content\/uploads\/2025\/06\/global_citizen_curso_.png\"  alt=\"T\u00e9cnicas avanzadas de ense\u00f1anza digital\">\n            <div class=\"card-text\">\n                <h3>Capacitaci\u00f3n Internacional en Ense\u00f1anza del Ingl\u00e9s<\/h3>\n                <p>\u00a1Atenci\u00f3n, estudiantes! \nLes recordamos que ya se encuentran inscritos en la capacitaci\u00f3n \u201cContemporary Trends in Teaching English as a Foreign Language: Professional Development and Practical Classroom Applications\u201d, dirigida a estudiantes y graduados de la carrera de Idiomas y de Pedagog\u00eda de los Idiomas Nacionales y Extranjeros.\n\ud83d\udcc5 Fecha: Del 23 de junio al 18 de julio de 2025\n\ud83d\udd52 Horario: Lunes y mi\u00e9rcoles de 19h00 a 21h00\n\ud83d\udccd Modalidad: Virtual (plataforma Zoom)\n\u23f3 Duraci\u00f3n: 40 horas acad\u00e9micas\nEste evento de formaci\u00f3n continua es posible gracias al financiamiento de la Embajada y Consulado de los Estados Unidos, y cuenta con el aval institucional de la Unach.<\/p>\n            <\/div>\n        <\/a>\n    <\/div>\n<\/div>\n\n<style>\n    .simple-card-container {\n        display: flex;\n        justify-content: space-between;\n        gap: 20px;\n        flex-wrap: wrap;\n        font-family: Georgia, serif;\n        padding: 20px;\n    }\n\n    .card {\n        flex: 1 1 calc(25% - 15px); \/* Ahora hay 4 tarjetas *\/\n        max-width: calc(25% - 15px);\n        overflow: hidden;\n        border-radius: 10px;\n        background-color: transparent;\n        transition: transform 0.3s ease, box-shadow 0.3s ease;\n        text-align: center;\n    }\n\n    .card img {\n        width: 100%;\n        height: auto;\n        object-fit: cover;\n        border-radius: 10px;\n        transition: transform 0.3s ease;\n    }\n\n    .card:hover img {\n        transform: scale(1.05);\n    }\n\n    .card a {\n        display: block;\n        text-decoration: none;\n        color: #0e1424;\n    }\n\n    .card-text {\n        padding: 15px;\n        margin-top: 8px;\n        background-color: rgba(255, 255, 255, 0.7);\n        backdrop-filter: blur(4px);\n        text-align: center;\n    }\n\n    .card-text h3 {\n        font-size: 18px;\n        margin-bottom: 5px;\n        color: #0e1424;\n    }\n\n    .card-text p {\n        font-size: 14px;\n        color: #555;\n        margin: 0;\n        text-align: center;\n    }\n\n    @media (max-width: 1200px) {\n        .card {\n            flex: 1 1 calc(33.33% - 15px);\n            max-width: calc(33.33% - 15px);\n        }\n    }\n\n    @media (max-width: 900px) {\n        .card {\n            flex: 1 1 calc(50% - 15px);\n            max-width: calc(50% - 15px);\n        }\n    }\n\n    @media (max-width: 600px) {\n        .card {\n            flex: 1 1 100%;\n            max-width: 100%;\n        }\n\n        .card-text {\n            background-color: rgba(255, 255, 255, 0.85);\n        }\n    }\n<\/style>\t\t\t\t<\/div>\n\t\t\t\t<\/div>\n\t\t\t\t\t<\/div>\n\t\t\t\t<\/div>\n\t\t\t\t<\/div>\n\t\t","protected":false},"excerpt":{"rendered":"<p>Uso de inteligencia artificial en la personalizaci\u00f3n del aprendizaje Este curso introduce a los participantes en el uso de herramientas y t\u00e9cnicas de inteligencia artificial (IA) aplicadas al \u00e1mbito educativo, con \u00e9nfasis en la personalizaci\u00f3n del aprendizaje. Uso de la inteligencia artificial en la gesti\u00f3n docente MOOC Este curso MOOC tiene como objetivo introducir a<\/p>\n<div class=\"more-link\">\n\t\t\t\t <a href=\"https:\/\/alumni.unach.edu.ec\/index.php\/cursos-mooc\/\" class=\"link-btn\"><span>Seguir leyendo <\/span> <i class=\"icofont-thin-double-right\"><\/i><\/a>\n\t\t\t<\/div>\n","protected":false},"author":1,"featured_media":0,"parent":0,"menu_order":0,"comment_status":"closed","ping_status":"closed","template":"templates\/without-hero.php","meta":{"footnotes":""},"class_list":["post-1140","page","type-page","status-publish","hentry"],"_links":{"self":[{"href":"https:\/\/alumni.unach.edu.ec\/index.php\/wp-json\/wp\/v2\/pages\/1140","targetHints":{"allow":["GET"]}}],"collection":[{"href":"https:\/\/alumni.unach.edu.ec\/index.php\/wp-json\/wp\/v2\/pages"}],"about":[{"href":"https:\/\/alumni.unach.edu.ec\/index.php\/wp-json\/wp\/v2\/types\/page"}],"author":[{"embeddable":true,"href":"https:\/\/alumni.unach.edu.ec\/index.php\/wp-json\/wp\/v2\/users\/1"}],"replies":[{"embeddable":true,"href":"https:\/\/alumni.unach.edu.ec\/index.php\/wp-json\/wp\/v2\/comments?post=1140"}],"version-history":[{"count":13,"href":"https:\/\/alumni.unach.edu.ec\/index.php\/wp-json\/wp\/v2\/pages\/1140\/revisions"}],"predecessor-version":[{"id":1231,"href":"https:\/\/alumni.unach.edu.ec\/index.php\/wp-json\/wp\/v2\/pages\/1140\/revisions\/1231"}],"wp:attachment":[{"href":"https:\/\/alumni.unach.edu.ec\/index.php\/wp-json\/wp\/v2\/media?parent=1140"}],"curies":[{"name":"wp","href":"https:\/\/api.w.org\/{rel}","templated":true}]}}