{"id":527,"date":"2025-05-07T14:42:20","date_gmt":"2025-05-07T19:42:20","guid":{"rendered":"https:\/\/alumni.unach.edu.ec\/?page_id=527"},"modified":"2025-05-08T16:38:59","modified_gmt":"2025-05-08T21:38:59","slug":"dayana-gavidia","status":"publish","type":"page","link":"https:\/\/alumni.unach.edu.ec\/index.php\/dayana-gavidia\/","title":{"rendered":"Dayana Gavidia"},"content":{"rendered":"<p><img fetchpriority=\"high\" decoding=\"async\" class=\"size-medium wp-image-463 alignleft\" src=\"https:\/\/alumni.unach.edu.ec\/wp-content\/uploads\/2025\/05\/5-300x300.jpg\" alt=\"\" width=\"300\" height=\"300\" srcset=\"https:\/\/alumni.unach.edu.ec\/wp-content\/uploads\/2025\/05\/5-300x300.jpg 300w, https:\/\/alumni.unach.edu.ec\/wp-content\/uploads\/2025\/05\/5-1024x1024.jpg 1024w, https:\/\/alumni.unach.edu.ec\/wp-content\/uploads\/2025\/05\/5-150x150.jpg 150w, https:\/\/alumni.unach.edu.ec\/wp-content\/uploads\/2025\/05\/5-768x768.jpg 768w, https:\/\/alumni.unach.edu.ec\/wp-content\/uploads\/2025\/05\/5.jpg 1200w\" sizes=\"(max-width: 300px) 100vw, 300px\" \/><\/p>\n<p style=\"text-align: justify;\"><strong>Dayana Stefanny Gavidia<\/strong> <strong>Arguello<\/strong>, Arquitecta graduada de la UNACH en 2023, emprendi\u00f3 su camino profesional con una visi\u00f3n clara: transformar espacios y realidades. Poco despu\u00e9s de su graduaci\u00f3n, inici\u00f3 una maestr\u00eda MBA en Gesti\u00f3n Internacional de la Edificaci\u00f3n y Construcci\u00f3n en la Universidad Europea de Madrid, experiencia que fortaleci\u00f3 su enfoque global y estrat\u00e9gico.<\/p>\n<p style=\"text-align: justify;\">Hoy es fundadora de <strong>G.A. ConstruMaxx<\/strong>, una constructora en crecimiento que refleja su compromiso con la innovaci\u00f3n, la planificaci\u00f3n y el trabajo colaborativo. Su historia es un testimonio de perseverancia, visi\u00f3n emprendedora y gratitud.<\/p>\n<p style=\"text-align: justify;\">Para Dayana, la UNACH no solo form\u00f3 su perfil profesional, sino que sembr\u00f3 en ella una actitud resiliente y una pasi\u00f3n por construir con prop\u00f3sito.<\/p>\n<p style=\"text-align: justify;\"><em>\u201cLa UNACH fue el hogar donde nacieron mis sue\u00f1os. No solo me dio una profesi\u00f3n, me ense\u00f1\u00f3 a creer en m\u00ed y a construir cada proyecto con compromiso, visi\u00f3n y esperanza.\u201d<\/em><\/p>\n","protected":false},"excerpt":{"rendered":"<p>Dayana Stefanny Gavidia Arguello, Arquitecta graduada de la UNACH en 2023, emprendi\u00f3 su camino profesional con una visi\u00f3n clara: transformar espacios y realidades. Poco despu\u00e9s de su graduaci\u00f3n, inici\u00f3 una maestr\u00eda MBA en Gesti\u00f3n Internacional de la Edificaci\u00f3n y Construcci\u00f3n en la Universidad Europea de Madrid, experiencia que fortaleci\u00f3 su enfoque global y estrat\u00e9gico. Hoy<\/p>\n<div class=\"more-link\">\n\t\t\t\t <a href=\"https:\/\/alumni.unach.edu.ec\/index.php\/dayana-gavidia\/\" class=\"link-btn\"><span>Seguir leyendo <\/span> <i class=\"icofont-thin-double-right\"><\/i><\/a>\n\t\t\t<\/div>\n","protected":false},"author":1,"featured_media":0,"parent":0,"menu_order":0,"comment_status":"closed","ping_status":"closed","template":"templates\/without-hero.php","meta":{"footnotes":""},"class_list":["post-527","page","type-page","status-publish","hentry"],"_links":{"self":[{"href":"https:\/\/alumni.unach.edu.ec\/index.php\/wp-json\/wp\/v2\/pages\/527","targetHints":{"allow":["GET"]}}],"collection":[{"href":"https:\/\/alumni.unach.edu.ec\/index.php\/wp-json\/wp\/v2\/pages"}],"about":[{"href":"https:\/\/alumni.unach.edu.ec\/index.php\/wp-json\/wp\/v2\/types\/page"}],"author":[{"embeddable":true,"href":"https:\/\/alumni.unach.edu.ec\/index.php\/wp-json\/wp\/v2\/users\/1"}],"replies":[{"embeddable":true,"href":"https:\/\/alumni.unach.edu.ec\/index.php\/wp-json\/wp\/v2\/comments?post=527"}],"version-history":[{"count":5,"href":"https:\/\/alumni.unach.edu.ec\/index.php\/wp-json\/wp\/v2\/pages\/527\/revisions"}],"predecessor-version":[{"id":1100,"href":"https:\/\/alumni.unach.edu.ec\/index.php\/wp-json\/wp\/v2\/pages\/527\/revisions\/1100"}],"wp:attachment":[{"href":"https:\/\/alumni.unach.edu.ec\/index.php\/wp-json\/wp\/v2\/media?parent=527"}],"curies":[{"name":"wp","href":"https:\/\/api.w.org\/{rel}","templated":true}]}}