{"id":585,"date":"2025-05-07T15:23:26","date_gmt":"2025-05-07T20:23:26","guid":{"rendered":"https:\/\/alumni.unach.edu.ec\/?page_id=585"},"modified":"2025-05-08T16:37:49","modified_gmt":"2025-05-08T21:37:49","slug":"david-marcelo-guevara","status":"publish","type":"page","link":"https:\/\/alumni.unach.edu.ec\/index.php\/david-marcelo-guevara\/","title":{"rendered":"David Marcelo Guevara"},"content":{"rendered":"<p style=\"text-align: justify;\"><img fetchpriority=\"high\" decoding=\"async\" class=\"size-medium wp-image-465 alignleft\" src=\"https:\/\/alumni.unach.edu.ec\/wp-content\/uploads\/2025\/05\/7-300x300.jpg\" alt=\"\" width=\"300\" height=\"300\" srcset=\"https:\/\/alumni.unach.edu.ec\/wp-content\/uploads\/2025\/05\/7-300x300.jpg 300w, https:\/\/alumni.unach.edu.ec\/wp-content\/uploads\/2025\/05\/7-1024x1024.jpg 1024w, https:\/\/alumni.unach.edu.ec\/wp-content\/uploads\/2025\/05\/7-150x150.jpg 150w, https:\/\/alumni.unach.edu.ec\/wp-content\/uploads\/2025\/05\/7-768x768.jpg 768w, https:\/\/alumni.unach.edu.ec\/wp-content\/uploads\/2025\/05\/7.jpg 1200w\" sizes=\"(max-width: 300px) 100vw, 300px\" \/><strong>David Guevara Hern\u00e1ndez<\/strong> graduado de la carrera de Terapia F\u00edsica y Deportiva en 2018. Su pasi\u00f3n por la fisioterapia lo llev\u00f3 a especializarse en Espa\u00f1a, donde obtuvo un m\u00e1ster en Fisioterapia del Sistema Musculoesquel\u00e9tico con menci\u00f3n en Terapia Manual Ortop\u00e9dica por la Universidad Aut\u00f3noma de Madrid.<\/p>\n<p style=\"text-align: justify;\">A su regreso a Ecuador, fortaleci\u00f3 su pr\u00e1ctica profesional y dio un salto a la academia. Desde 2021, es docente e investigador en la UNACH, reconocido como Investigador Agregado 1 por la SENESCYT. Su participaci\u00f3n en congresos internacionales y la publicaci\u00f3n de investigaciones en revistas indexadas de Ucrania, Ir\u00e1n y otros pa\u00edses, lo posicionan como un referente en el campo.<\/p>\n<p style=\"text-align: justify;\">Para \u00e9l, la UNACH fue el punto de partida de una carrera comprometida con la innovaci\u00f3n, la ciencia y el impacto social.<\/p>\n<p style=\"text-align: justify;\"><em>\u201cEn la UNACH aprend\u00ed que la fisioterapia va m\u00e1s all\u00e1 del cuerpo: tambi\u00e9n sanas sociedades a trav\u00e9s de la educaci\u00f3n y la investigaci\u00f3n.\u201d<\/em><\/p>\n","protected":false},"excerpt":{"rendered":"<p>David Guevara Hern\u00e1ndez graduado de la carrera de Terapia F\u00edsica y Deportiva en 2018. Su pasi\u00f3n por la fisioterapia lo llev\u00f3 a especializarse en Espa\u00f1a, donde obtuvo un m\u00e1ster en Fisioterapia del Sistema Musculoesquel\u00e9tico con menci\u00f3n en Terapia Manual Ortop\u00e9dica por la Universidad Aut\u00f3noma de Madrid. A su regreso a Ecuador, fortaleci\u00f3 su pr\u00e1ctica profesional<\/p>\n<div class=\"more-link\">\n\t\t\t\t <a href=\"https:\/\/alumni.unach.edu.ec\/index.php\/david-marcelo-guevara\/\" class=\"link-btn\"><span>Seguir leyendo <\/span> <i class=\"icofont-thin-double-right\"><\/i><\/a>\n\t\t\t<\/div>\n","protected":false},"author":1,"featured_media":0,"parent":0,"menu_order":0,"comment_status":"closed","ping_status":"closed","template":"templates\/without-hero.php","meta":{"footnotes":""},"class_list":["post-585","page","type-page","status-publish","hentry"],"_links":{"self":[{"href":"https:\/\/alumni.unach.edu.ec\/index.php\/wp-json\/wp\/v2\/pages\/585","targetHints":{"allow":["GET"]}}],"collection":[{"href":"https:\/\/alumni.unach.edu.ec\/index.php\/wp-json\/wp\/v2\/pages"}],"about":[{"href":"https:\/\/alumni.unach.edu.ec\/index.php\/wp-json\/wp\/v2\/types\/page"}],"author":[{"embeddable":true,"href":"https:\/\/alumni.unach.edu.ec\/index.php\/wp-json\/wp\/v2\/users\/1"}],"replies":[{"embeddable":true,"href":"https:\/\/alumni.unach.edu.ec\/index.php\/wp-json\/wp\/v2\/comments?post=585"}],"version-history":[{"count":2,"href":"https:\/\/alumni.unach.edu.ec\/index.php\/wp-json\/wp\/v2\/pages\/585\/revisions"}],"predecessor-version":[{"id":1099,"href":"https:\/\/alumni.unach.edu.ec\/index.php\/wp-json\/wp\/v2\/pages\/585\/revisions\/1099"}],"wp:attachment":[{"href":"https:\/\/alumni.unach.edu.ec\/index.php\/wp-json\/wp\/v2\/media?parent=585"}],"curies":[{"name":"wp","href":"https:\/\/api.w.org\/{rel}","templated":true}]}}