{"id":735,"date":"2025-05-07T17:03:30","date_gmt":"2025-05-07T22:03:30","guid":{"rendered":"https:\/\/alumni.unach.edu.ec\/?page_id=735"},"modified":"2025-05-08T16:35:53","modified_gmt":"2025-05-08T21:35:53","slug":"historias-de-exito","status":"publish","type":"page","link":"https:\/\/alumni.unach.edu.ec\/index.php\/historias-de-exito\/","title":{"rendered":"HISTORIAS DE \u00c9XITO"},"content":{"rendered":"\t\t<div data-elementor-type=\"wp-page\" data-elementor-id=\"735\" class=\"elementor elementor-735\">\n\t\t\t\t<div class=\"elementor-element elementor-element-0215e48 e-flex e-con-boxed e-con e-parent\" data-id=\"0215e48\" data-element_type=\"container\">\n\t\t\t\t\t<div class=\"e-con-inner\">\n\t\t<div class=\"elementor-element elementor-element-ebf9bc9 e-con-full e-flex e-con e-child\" data-id=\"ebf9bc9\" data-element_type=\"container\">\n\t\t\t\t<div class=\"elementor-element elementor-element-daf2c7d elementor-widget elementor-widget-envo-extra-team\" data-id=\"daf2c7d\" data-element_type=\"widget\" data-settings=\"{&quot;layout&quot;:&quot;1&quot;}\" data-widget_type=\"envo-extra-team.default\">\n\t\t\t\t<div class=\"elementor-widget-container\">\n\t\t\t\t\t\n\t\t<div class=\"envo-extra-team-wrapper envo-extra-team-layout-1\">\n\t\t\t\n\t\t\t\t\t\t\t<div class=\"envo-extra-team-image\">\n\t\t\t\t\t<img fetchpriority=\"high\" decoding=\"async\" width=\"640\" height=\"640\" src=\"https:\/\/alumni.unach.edu.ec\/wp-content\/uploads\/2025\/05\/3-1024x1024.jpg\" class=\"attachment-large size-large\" alt=\"\" srcset=\"https:\/\/alumni.unach.edu.ec\/wp-content\/uploads\/2025\/05\/3-1024x1024.jpg 1024w, https:\/\/alumni.unach.edu.ec\/wp-content\/uploads\/2025\/05\/3-300x300.jpg 300w, https:\/\/alumni.unach.edu.ec\/wp-content\/uploads\/2025\/05\/3-150x150.jpg 150w, https:\/\/alumni.unach.edu.ec\/wp-content\/uploads\/2025\/05\/3-768x768.jpg 768w, https:\/\/alumni.unach.edu.ec\/wp-content\/uploads\/2025\/05\/3.jpg 1200w\" sizes=\"(max-width: 640px) 100vw, 640px\" \/>\t\t\t\t\t\t\t\t\t\t\t\t\t\t<\/div>\n\t\t\t\t\t\t<div class=\"envo-extra-team-content\">\n\t\t\t\t\t\t\t\t\t\t\t\t\t\t\t<a href=\"https:\/\/alumni.unach.edu.ec\/index.php\/carlos-insuaste\/\"\t\t\t\t\t\tclass=\"envo-extra-team-title\">Carlos Insuaste Vaca<\/a>\n\t\t\t\t\t\t\t\t\t\t\t\t\t\t\t\t\t\t\t\t\t\t\t<p class=\"envo-extra-team-description\">Educador y l\u00edder juvenil con proyecci\u00f3n internacional. Represent\u00f3 al Ecuador en Harvard, la ONU y la Fundaci\u00f3n Bot\u00edn. Sue\u00f1a con volver a la UNACH como docente y agente de cambio.<\/p>\n\t\t\t\t\n\t\t\t\t\t\t\t<\/div>\n\t\t<\/div>\n\t\t\t\t\t\t<\/div>\n\t\t\t\t<\/div>\n\t\t\t\t<div class=\"elementor-element elementor-element-0313264 elementor-widget elementor-widget-button\" data-id=\"0313264\" data-element_type=\"widget\" data-widget_type=\"button.default\">\n\t\t\t\t<div class=\"elementor-widget-container\">\n\t\t\t\t\t\t\t\t\t<div class=\"elementor-button-wrapper\">\n\t\t\t\t\t<a class=\"elementor-button elementor-button-link elementor-size-sm\" href=\"https:\/\/alumni.unach.edu.ec\/index.php\/carlos-insuaste\/\" target=\"_blank\">\n\t\t\t\t\t\t<span class=\"elementor-button-content-wrapper\">\n\t\t\t\t\t\t\t\t\t<span class=\"elementor-button-text\">Ver m\u00e1s<\/span>\n\t\t\t\t\t<\/span>\n\t\t\t\t\t<\/a>\n\t\t\t\t<\/div>\n\t\t\t\t\t\t\t\t<\/div>\n\t\t\t\t<\/div>\n\t\t\t\t<\/div>\n\t\t<div class=\"elementor-element elementor-element-122a9bf e-con-full e-flex e-con e-child\" data-id=\"122a9bf\" data-element_type=\"container\">\n\t\t\t\t<div class=\"elementor-element elementor-element-b467a06 elementor-widget elementor-widget-envo-extra-team\" data-id=\"b467a06\" data-element_type=\"widget\" data-settings=\"{&quot;layout&quot;:&quot;1&quot;}\" data-widget_type=\"envo-extra-team.default\">\n\t\t\t\t<div class=\"elementor-widget-container\">\n\t\t\t\t\t\n\t\t<div class=\"envo-extra-team-wrapper envo-extra-team-layout-1\">\n\t\t\t\n\t\t\t\t\t\t\t<div class=\"envo-extra-team-image\">\n\t\t\t\t\t<img decoding=\"async\" width=\"640\" height=\"640\" src=\"https:\/\/alumni.unach.edu.ec\/wp-content\/uploads\/2025\/05\/8-1024x1024.png\" class=\"attachment-large size-large\" alt=\"\" srcset=\"https:\/\/alumni.unach.edu.ec\/wp-content\/uploads\/2025\/05\/8-1024x1024.png 1024w, https:\/\/alumni.unach.edu.ec\/wp-content\/uploads\/2025\/05\/8-300x300.png 300w, https:\/\/alumni.unach.edu.ec\/wp-content\/uploads\/2025\/05\/8-150x150.png 150w, https:\/\/alumni.unach.edu.ec\/wp-content\/uploads\/2025\/05\/8-768x768.png 768w, https:\/\/alumni.unach.edu.ec\/wp-content\/uploads\/2025\/05\/8.png 1200w\" sizes=\"(max-width: 640px) 100vw, 640px\" \/>\t\t\t\t\t\t\t\t\t\t\t\t\t\t<\/div>\n\t\t\t\t\t\t<div class=\"envo-extra-team-content\">\n\t\t\t\t\t\t\t\t\t\t\t\t\t\t\t<a target=\"_blank\" href=\"https:\/\/alumni.unach.edu.ec\/index.php\/yolanda-elizabeth-salazar-granizo\/\"\t\t\t\t\t\tclass=\"envo-extra-team-title\">Yolanda Elizabeth Salazar Granizo<\/a>\n\t\t\t\t\t\t\t\t\t\t\t\t\t\t\t\t\t\t\t\t\t\t\t<p class=\"envo-extra-team-description\">Vicerrectora Administrativa UNACH, docente e investigadora en Enfermer\u00eda. Lider\u00f3 procesos claves en gesti\u00f3n acad\u00e9mica. Su vocaci\u00f3n por la salud y la educaci\u00f3n deja huella en el pa\u00eds.<\/p>\n\t\t\t\t\n\t\t\t\t\t\t\t<\/div>\n\t\t<\/div>\n\t\t\t\t\t\t<\/div>\n\t\t\t\t<\/div>\n\t\t\t\t<div class=\"elementor-element elementor-element-120ba2b elementor-widget elementor-widget-button\" data-id=\"120ba2b\" data-element_type=\"widget\" data-widget_type=\"button.default\">\n\t\t\t\t<div class=\"elementor-widget-container\">\n\t\t\t\t\t\t\t\t\t<div class=\"elementor-button-wrapper\">\n\t\t\t\t\t<a class=\"elementor-button elementor-button-link elementor-size-sm\" href=\"https:\/\/alumni.unach.edu.ec\/index.php\/yolanda-elizabeth-salazar-granizo\/\" target=\"_blank\">\n\t\t\t\t\t\t<span class=\"elementor-button-content-wrapper\">\n\t\t\t\t\t\t\t\t\t<span class=\"elementor-button-text\">Ver m\u00e1s<\/span>\n\t\t\t\t\t<\/span>\n\t\t\t\t\t<\/a>\n\t\t\t\t<\/div>\n\t\t\t\t\t\t\t\t<\/div>\n\t\t\t\t<\/div>\n\t\t\t\t<\/div>\n\t\t<div class=\"elementor-element elementor-element-05e423f e-con-full e-flex e-con e-child\" data-id=\"05e423f\" data-element_type=\"container\">\n\t\t\t\t<div class=\"elementor-element elementor-element-8af4948 elementor-widget elementor-widget-envo-extra-team\" data-id=\"8af4948\" data-element_type=\"widget\" data-settings=\"{&quot;layout&quot;:&quot;1&quot;}\" data-widget_type=\"envo-extra-team.default\">\n\t\t\t\t<div class=\"elementor-widget-container\">\n\t\t\t\t\t\n\t\t<div class=\"envo-extra-team-wrapper envo-extra-team-layout-1\">\n\t\t\t\n\t\t\t\t\t\t\t<div class=\"envo-extra-team-image\">\n\t\t\t\t\t<img decoding=\"async\" width=\"640\" height=\"640\" src=\"https:\/\/alumni.unach.edu.ec\/wp-content\/uploads\/2025\/05\/2-1024x1024.jpg\" class=\"attachment-large size-large\" alt=\"\" srcset=\"https:\/\/alumni.unach.edu.ec\/wp-content\/uploads\/2025\/05\/2-1024x1024.jpg 1024w, https:\/\/alumni.unach.edu.ec\/wp-content\/uploads\/2025\/05\/2-300x300.jpg 300w, https:\/\/alumni.unach.edu.ec\/wp-content\/uploads\/2025\/05\/2-150x150.jpg 150w, https:\/\/alumni.unach.edu.ec\/wp-content\/uploads\/2025\/05\/2-768x768.jpg 768w, https:\/\/alumni.unach.edu.ec\/wp-content\/uploads\/2025\/05\/2.jpg 1200w\" sizes=\"(max-width: 640px) 100vw, 640px\" \/>\t\t\t\t\t\t\t\t\t\t\t\t\t\t<\/div>\n\t\t\t\t\t\t<div class=\"envo-extra-team-content\">\n\t\t\t\t\t\t\t\t\t\t\t\t\t\t\t<a target=\"_blank\" href=\"https:\/\/alumni.unach.edu.ec\/index.php\/cristian-caiza-asitimbay\/\"\t\t\t\t\t\tclass=\"envo-extra-team-title\">Cristian Caiza Asitimbay<\/a>\n\t\t\t\t\t\t\t\t\t\t\t\t\t\t\t\t\t\t\t\t\t\t\t<p class=\"envo-extra-team-description\">Abogado doctorando en Ciencias Jur\u00eddicas, docente universitario y jefe de despacho en la Corte Constitucional. La UNACH despert\u00f3 su pasi\u00f3n por el Derecho y la docencia.<\/p>\n\t\t\t\t\n\t\t\t\t\t\t\t<\/div>\n\t\t<\/div>\n\t\t\t\t\t\t<\/div>\n\t\t\t\t<\/div>\n\t\t\t\t<div class=\"elementor-element elementor-element-bb83587 elementor-widget elementor-widget-button\" data-id=\"bb83587\" data-element_type=\"widget\" data-widget_type=\"button.default\">\n\t\t\t\t<div class=\"elementor-widget-container\">\n\t\t\t\t\t\t\t\t\t<div class=\"elementor-button-wrapper\">\n\t\t\t\t\t<a class=\"elementor-button elementor-button-link elementor-size-sm\" href=\"https:\/\/alumni.unach.edu.ec\/index.php\/cristian-caiza-asitimbay\/\" target=\"_blank\">\n\t\t\t\t\t\t<span class=\"elementor-button-content-wrapper\">\n\t\t\t\t\t\t\t\t\t<span class=\"elementor-button-text\">Ver m\u00e1s<\/span>\n\t\t\t\t\t<\/span>\n\t\t\t\t\t<\/a>\n\t\t\t\t<\/div>\n\t\t\t\t\t\t\t\t<\/div>\n\t\t\t\t<\/div>\n\t\t\t\t<\/div>\n\t\t<div class=\"elementor-element elementor-element-4a4b42b e-con-full e-flex e-con e-child\" data-id=\"4a4b42b\" data-element_type=\"container\">\n\t\t\t\t<div class=\"elementor-element elementor-element-745f43f elementor-widget elementor-widget-envo-extra-team\" data-id=\"745f43f\" data-element_type=\"widget\" data-settings=\"{&quot;layout&quot;:&quot;1&quot;}\" data-widget_type=\"envo-extra-team.default\">\n\t\t\t\t<div class=\"elementor-widget-container\">\n\t\t\t\t\t\n\t\t<div class=\"envo-extra-team-wrapper envo-extra-team-layout-1\">\n\t\t\t\n\t\t\t\t\t\t\t<div class=\"envo-extra-team-image\">\n\t\t\t\t\t<img loading=\"lazy\" decoding=\"async\" width=\"640\" height=\"640\" src=\"https:\/\/alumni.unach.edu.ec\/wp-content\/uploads\/2025\/05\/7-1024x1024.jpg\" class=\"attachment-large size-large\" alt=\"\" srcset=\"https:\/\/alumni.unach.edu.ec\/wp-content\/uploads\/2025\/05\/7-1024x1024.jpg 1024w, https:\/\/alumni.unach.edu.ec\/wp-content\/uploads\/2025\/05\/7-300x300.jpg 300w, https:\/\/alumni.unach.edu.ec\/wp-content\/uploads\/2025\/05\/7-150x150.jpg 150w, https:\/\/alumni.unach.edu.ec\/wp-content\/uploads\/2025\/05\/7-768x768.jpg 768w, https:\/\/alumni.unach.edu.ec\/wp-content\/uploads\/2025\/05\/7.jpg 1200w\" sizes=\"(max-width: 640px) 100vw, 640px\" \/>\t\t\t\t\t\t\t\t\t\t\t\t\t\t<\/div>\n\t\t\t\t\t\t<div class=\"envo-extra-team-content\">\n\t\t\t\t\t\t\t\t\t\t\t\t\t\t\t<a target=\"_blank\" href=\"https:\/\/alumni.unach.edu.ec\/index.php\/david-marcelo-guevara\/\"\t\t\t\t\t\tclass=\"envo-extra-team-title\">David Guevara Hern\u00e1ndez<\/a>\n\t\t\t\t\t\t\t\t\t\t\t\t\t\t\t\t\t\t\t\t\t\t\t<p class=\"envo-extra-team-description\">Fisioterapeuta e investigador con estudios en Espa\u00f1a. Docente en la UNACH y referente en innovaci\u00f3n cient\u00edfica. Su carrera naci\u00f3 del compromiso adquirido en la Universidad. \n<\/p>\n\t\t\t\t\n\t\t\t\t\t\t\t<\/div>\n\t\t<\/div>\n\t\t\t\t\t\t<\/div>\n\t\t\t\t<\/div>\n\t\t\t\t<div class=\"elementor-element elementor-element-f07fb20 elementor-widget elementor-widget-button\" data-id=\"f07fb20\" data-element_type=\"widget\" data-widget_type=\"button.default\">\n\t\t\t\t<div class=\"elementor-widget-container\">\n\t\t\t\t\t\t\t\t\t<div class=\"elementor-button-wrapper\">\n\t\t\t\t\t<a class=\"elementor-button elementor-button-link elementor-size-sm\" href=\"https:\/\/alumni.unach.edu.ec\/index.php\/david-marcelo-guevara\/\" target=\"_blank\">\n\t\t\t\t\t\t<span class=\"elementor-button-content-wrapper\">\n\t\t\t\t\t\t\t\t\t<span class=\"elementor-button-text\">Ver m\u00e1s<\/span>\n\t\t\t\t\t<\/span>\n\t\t\t\t\t<\/a>\n\t\t\t\t<\/div>\n\t\t\t\t\t\t\t\t<\/div>\n\t\t\t\t<\/div>\n\t\t\t\t<\/div>\n\t\t<div class=\"elementor-element elementor-element-7b58c66 e-con-full e-flex e-con e-child\" data-id=\"7b58c66\" data-element_type=\"container\">\n\t\t\t\t<div class=\"elementor-element elementor-element-f68631a elementor-widget elementor-widget-envo-extra-team\" data-id=\"f68631a\" data-element_type=\"widget\" data-settings=\"{&quot;layout&quot;:&quot;1&quot;}\" data-widget_type=\"envo-extra-team.default\">\n\t\t\t\t<div class=\"elementor-widget-container\">\n\t\t\t\t\t\n\t\t<div class=\"envo-extra-team-wrapper envo-extra-team-layout-1\">\n\t\t\t\n\t\t\t\t\t\t\t<div class=\"envo-extra-team-image\">\n\t\t\t\t\t<img loading=\"lazy\" decoding=\"async\" width=\"640\" height=\"640\" src=\"https:\/\/alumni.unach.edu.ec\/wp-content\/uploads\/2025\/05\/5-1024x1024.jpg\" class=\"attachment-large size-large\" alt=\"\" srcset=\"https:\/\/alumni.unach.edu.ec\/wp-content\/uploads\/2025\/05\/5-1024x1024.jpg 1024w, https:\/\/alumni.unach.edu.ec\/wp-content\/uploads\/2025\/05\/5-300x300.jpg 300w, https:\/\/alumni.unach.edu.ec\/wp-content\/uploads\/2025\/05\/5-150x150.jpg 150w, https:\/\/alumni.unach.edu.ec\/wp-content\/uploads\/2025\/05\/5-768x768.jpg 768w, https:\/\/alumni.unach.edu.ec\/wp-content\/uploads\/2025\/05\/5.jpg 1200w\" sizes=\"(max-width: 640px) 100vw, 640px\" \/>\t\t\t\t\t\t\t\t\t\t\t\t\t\t<\/div>\n\t\t\t\t\t\t<div class=\"envo-extra-team-content\">\n\t\t\t\t\t\t\t\t\t\t\t\t\t\t\t<a target=\"_blank\" href=\"https:\/\/alumni.unach.edu.ec\/index.php\/dayana-gavidia\/\"\t\t\t\t\t\tclass=\"envo-extra-team-title\">Dayana Gavidia Arguello<\/a>\n\t\t\t\t\t\t\t\t\t\t\t\t\t\t\t\t\t\t\t\t\t\t\t<p class=\"envo-extra-team-description\">Arquitecta y emprendedora, fundadora de G.A. ConstruMaxx. En la UNACH aprendi\u00f3 a construir con visi\u00f3n, resiliencia y un fuerte compromiso con la comunidad.<\/p>\n\t\t\t\t\n\t\t\t\t\t\t\t<\/div>\n\t\t<\/div>\n\t\t\t\t\t\t<\/div>\n\t\t\t\t<\/div>\n\t\t\t\t<div class=\"elementor-element elementor-element-b841e3c elementor-widget elementor-widget-button\" data-id=\"b841e3c\" data-element_type=\"widget\" data-widget_type=\"button.default\">\n\t\t\t\t<div class=\"elementor-widget-container\">\n\t\t\t\t\t\t\t\t\t<div class=\"elementor-button-wrapper\">\n\t\t\t\t\t<a class=\"elementor-button elementor-button-link elementor-size-sm\" href=\"https:\/\/alumni.unach.edu.ec\/index.php\/dayana-gavidia\/\" target=\"_blank\">\n\t\t\t\t\t\t<span class=\"elementor-button-content-wrapper\">\n\t\t\t\t\t\t\t\t\t<span class=\"elementor-button-text\">Ver m\u00e1s<\/span>\n\t\t\t\t\t<\/span>\n\t\t\t\t\t<\/a>\n\t\t\t\t<\/div>\n\t\t\t\t\t\t\t\t<\/div>\n\t\t\t\t<\/div>\n\t\t\t\t<\/div>\n\t\t<div class=\"elementor-element elementor-element-1454a44 e-con-full e-flex e-con e-child\" data-id=\"1454a44\" data-element_type=\"container\">\n\t\t\t\t<div class=\"elementor-element elementor-element-dbc8245 elementor-widget elementor-widget-envo-extra-team\" data-id=\"dbc8245\" data-element_type=\"widget\" data-settings=\"{&quot;layout&quot;:&quot;1&quot;}\" data-widget_type=\"envo-extra-team.default\">\n\t\t\t\t<div class=\"elementor-widget-container\">\n\t\t\t\t\t\n\t\t<div class=\"envo-extra-team-wrapper envo-extra-team-layout-1\">\n\t\t\t\n\t\t\t\t\t\t\t<div class=\"envo-extra-team-image\">\n\t\t\t\t\t<img loading=\"lazy\" decoding=\"async\" width=\"640\" height=\"640\" src=\"https:\/\/alumni.unach.edu.ec\/wp-content\/uploads\/2025\/05\/6-1024x1024.jpg\" class=\"attachment-large size-large\" alt=\"\" srcset=\"https:\/\/alumni.unach.edu.ec\/wp-content\/uploads\/2025\/05\/6-1024x1024.jpg 1024w, https:\/\/alumni.unach.edu.ec\/wp-content\/uploads\/2025\/05\/6-300x300.jpg 300w, https:\/\/alumni.unach.edu.ec\/wp-content\/uploads\/2025\/05\/6-150x150.jpg 150w, https:\/\/alumni.unach.edu.ec\/wp-content\/uploads\/2025\/05\/6-768x768.jpg 768w, https:\/\/alumni.unach.edu.ec\/wp-content\/uploads\/2025\/05\/6.jpg 1200w\" sizes=\"(max-width: 640px) 100vw, 640px\" \/>\t\t\t\t\t\t\t\t\t\t\t\t\t\t<\/div>\n\t\t\t\t\t\t<div class=\"envo-extra-team-content\">\n\t\t\t\t\t\t\t\t\t\t\t\t\t\t\t<a target=\"_blank\" href=\"https:\/\/alumni.unach.edu.ec\/index.php\/dylan-jaramillo\/\"\t\t\t\t\t\tclass=\"envo-extra-team-title\">Dylan Jaramillo Soria<\/a>\n\t\t\t\t\t\t\t\t\t\t\t\t\t\t\t\t\t\t\t\t\t\t\t<p class=\"envo-extra-team-description\">Ingeniero en Tecnolog\u00edas de la Informaci\u00f3n y l\u00edder en innovaci\u00f3n digital. Desde la UNACH proyect\u00f3 su vocaci\u00f3n por educar, transformar y servir a trav\u00e9s de la tecnolog\u00eda.<\/p>\n\t\t\t\t\n\t\t\t\t\t\t\t<\/div>\n\t\t<\/div>\n\t\t\t\t\t\t<\/div>\n\t\t\t\t<\/div>\n\t\t\t\t<div class=\"elementor-element elementor-element-ab8760f elementor-widget elementor-widget-button\" data-id=\"ab8760f\" data-element_type=\"widget\" data-widget_type=\"button.default\">\n\t\t\t\t<div class=\"elementor-widget-container\">\n\t\t\t\t\t\t\t\t\t<div class=\"elementor-button-wrapper\">\n\t\t\t\t\t<a class=\"elementor-button elementor-button-link elementor-size-sm\" href=\"https:\/\/alumni.unach.edu.ec\/index.php\/dylan-jaramillo\/\" target=\"_blank\">\n\t\t\t\t\t\t<span class=\"elementor-button-content-wrapper\">\n\t\t\t\t\t\t\t\t\t<span class=\"elementor-button-text\">Ver m\u00e1s<\/span>\n\t\t\t\t\t<\/span>\n\t\t\t\t\t<\/a>\n\t\t\t\t<\/div>\n\t\t\t\t\t\t\t\t<\/div>\n\t\t\t\t<\/div>\n\t\t\t\t<\/div>\n\t\t\t\t\t<\/div>\n\t\t\t\t<\/div>\n\t\t<div class=\"elementor-element elementor-element-3f9e168 e-flex e-con-boxed e-con e-parent\" data-id=\"3f9e168\" data-element_type=\"container\">\n\t\t\t\t\t<div class=\"e-con-inner\">\n\t\t<div class=\"elementor-element elementor-element-2a74517 e-con-full e-flex e-con e-child\" data-id=\"2a74517\" data-element_type=\"container\">\n\t\t\t\t<div class=\"elementor-element elementor-element-74c2d6f elementor-widget elementor-widget-envo-extra-team\" data-id=\"74c2d6f\" data-element_type=\"widget\" data-settings=\"{&quot;layout&quot;:&quot;1&quot;}\" data-widget_type=\"envo-extra-team.default\">\n\t\t\t\t<div class=\"elementor-widget-container\">\n\t\t\t\t\t\n\t\t<div class=\"envo-extra-team-wrapper envo-extra-team-layout-1\">\n\t\t\t\n\t\t\t\t\t\t\t<div class=\"envo-extra-team-image\">\n\t\t\t\t\t<img loading=\"lazy\" decoding=\"async\" width=\"640\" height=\"640\" src=\"https:\/\/alumni.unach.edu.ec\/wp-content\/uploads\/2025\/05\/1-1024x1024.jpg\" class=\"attachment-large size-large\" alt=\"\" srcset=\"https:\/\/alumni.unach.edu.ec\/wp-content\/uploads\/2025\/05\/1-1024x1024.jpg 1024w, https:\/\/alumni.unach.edu.ec\/wp-content\/uploads\/2025\/05\/1-300x300.jpg 300w, https:\/\/alumni.unach.edu.ec\/wp-content\/uploads\/2025\/05\/1-150x150.jpg 150w, https:\/\/alumni.unach.edu.ec\/wp-content\/uploads\/2025\/05\/1-768x768.jpg 768w, https:\/\/alumni.unach.edu.ec\/wp-content\/uploads\/2025\/05\/1.jpg 1200w\" sizes=\"(max-width: 640px) 100vw, 640px\" \/>\t\t\t\t\t\t\t\t\t\t\t\t\t\t<\/div>\n\t\t\t\t\t\t<div class=\"envo-extra-team-content\">\n\t\t\t\t\t\t\t\t\t\t\t\t\t\t\t<a target=\"_blank\" href=\"https:\/\/alumni.unach.edu.ec\/index.php\/maria-belen-andrade\/\"\t\t\t\t\t\tclass=\"envo-extra-team-title\">Mar\u00eda Bel\u00e9n Andrade Manzano<\/a>\n\t\t\t\t\t\t\t\t\t\t\t\t\t\t\t\t\t\t\t\t\t\t\t<p class=\"envo-extra-team-description\">Jurista con amplia experiencia p\u00fablica y acad\u00e9mica. Su paso por la UNACH marc\u00f3 el inicio de una vida profesional guiada por la \u00e9tica, el pensamiento cr\u00edtico y el servicio.<\/p>\n\t\t\t\t\n\t\t\t\t\t\t\t<\/div>\n\t\t<\/div>\n\t\t\t\t\t\t<\/div>\n\t\t\t\t<\/div>\n\t\t\t\t<div class=\"elementor-element elementor-element-714b4c4 elementor-widget elementor-widget-button\" data-id=\"714b4c4\" data-element_type=\"widget\" data-widget_type=\"button.default\">\n\t\t\t\t<div class=\"elementor-widget-container\">\n\t\t\t\t\t\t\t\t\t<div class=\"elementor-button-wrapper\">\n\t\t\t\t\t<a class=\"elementor-button elementor-button-link elementor-size-sm\" href=\"https:\/\/alumni.unach.edu.ec\/index.php\/maria-belen-andrade\/\" target=\"_blank\">\n\t\t\t\t\t\t<span class=\"elementor-button-content-wrapper\">\n\t\t\t\t\t\t\t\t\t<span class=\"elementor-button-text\">Ver m\u00e1s<\/span>\n\t\t\t\t\t<\/span>\n\t\t\t\t\t<\/a>\n\t\t\t\t<\/div>\n\t\t\t\t\t\t\t\t<\/div>\n\t\t\t\t<\/div>\n\t\t\t\t<\/div>\n\t\t<div class=\"elementor-element elementor-element-266b466 e-con-full e-flex e-con e-child\" data-id=\"266b466\" data-element_type=\"container\">\n\t\t\t\t<\/div>\n\t\t<div class=\"elementor-element elementor-element-9269e93 e-con-full e-flex e-con e-child\" data-id=\"9269e93\" data-element_type=\"container\">\n\t\t\t\t<div class=\"elementor-element elementor-element-009924b elementor-widget elementor-widget-envo-extra-team\" data-id=\"009924b\" data-element_type=\"widget\" data-settings=\"{&quot;layout&quot;:&quot;1&quot;}\" data-widget_type=\"envo-extra-team.default\">\n\t\t\t\t<div class=\"elementor-widget-container\">\n\t\t\t\t\t\n\t\t<div class=\"envo-extra-team-wrapper envo-extra-team-layout-1\">\n\t\t\t\n\t\t\t\t\t\t\t<div class=\"envo-extra-team-image\">\n\t\t\t\t\t<img loading=\"lazy\" decoding=\"async\" width=\"640\" height=\"640\" src=\"https:\/\/alumni.unach.edu.ec\/wp-content\/uploads\/2025\/05\/4-1024x1024.jpg\" class=\"attachment-large size-large\" alt=\"\" srcset=\"https:\/\/alumni.unach.edu.ec\/wp-content\/uploads\/2025\/05\/4-1024x1024.jpg 1024w, https:\/\/alumni.unach.edu.ec\/wp-content\/uploads\/2025\/05\/4-300x300.jpg 300w, https:\/\/alumni.unach.edu.ec\/wp-content\/uploads\/2025\/05\/4-150x150.jpg 150w, https:\/\/alumni.unach.edu.ec\/wp-content\/uploads\/2025\/05\/4-768x768.jpg 768w, https:\/\/alumni.unach.edu.ec\/wp-content\/uploads\/2025\/05\/4.jpg 1200w\" sizes=\"(max-width: 640px) 100vw, 640px\" \/>\t\t\t\t\t\t\t\t\t\t\t\t\t\t<\/div>\n\t\t\t\t\t\t<div class=\"envo-extra-team-content\">\n\t\t\t\t\t\t\t\t\t\t\t\t\t\t\t<a target=\"_blank\" href=\"https:\/\/alumni.unach.edu.ec\/index.php\/ruben-dario-orna\/\"\t\t\t\t\t\tclass=\"envo-extra-team-title\">Rub\u00e9n Dar\u00edo Orna Sanipat\u00edn<\/a>\n\t\t\t\t\t\t\t\t\t\t\t\t\t\t\t\t\t\t\t\t\t\t\t<p class=\"envo-extra-team-description\">Docente, rector y gestor educativo comprometido con el desarrollo rural desde la educaci\u00f3n. Su formaci\u00f3n en la UNACH ciment\u00f3 un liderazgo transformador con impacto social.<\/p>\n\t\t\t\t\n\t\t\t\t\t\t\t<\/div>\n\t\t<\/div>\n\t\t\t\t\t\t<\/div>\n\t\t\t\t<\/div>\n\t\t\t\t<div class=\"elementor-element elementor-element-9c289a8 elementor-widget elementor-widget-button\" data-id=\"9c289a8\" data-element_type=\"widget\" data-widget_type=\"button.default\">\n\t\t\t\t<div class=\"elementor-widget-container\">\n\t\t\t\t\t\t\t\t\t<div class=\"elementor-button-wrapper\">\n\t\t\t\t\t<a class=\"elementor-button elementor-button-link elementor-size-sm\" href=\"https:\/\/alumni.unach.edu.ec\/index.php\/ruben-dario-orna\/\" target=\"_blank\">\n\t\t\t\t\t\t<span class=\"elementor-button-content-wrapper\">\n\t\t\t\t\t\t\t\t\t<span class=\"elementor-button-text\">Ver m\u00e1s<\/span>\n\t\t\t\t\t<\/span>\n\t\t\t\t\t<\/a>\n\t\t\t\t<\/div>\n\t\t\t\t\t\t\t\t<\/div>\n\t\t\t\t<\/div>\n\t\t\t\t<\/div>\n\t\t\t\t\t<\/div>\n\t\t\t\t<\/div>\n\t\t\t\t<\/div>\n\t\t","protected":false},"excerpt":{"rendered":"<p>Carlos Insuaste Vaca Educador y l\u00edder juvenil con proyecci\u00f3n internacional. Represent\u00f3 al Ecuador en Harvard, la ONU y la Fundaci\u00f3n Bot\u00edn. Sue\u00f1a con volver a la UNACH como docente y agente de cambio. Ver m\u00e1s Yolanda Elizabeth Salazar Granizo Vicerrectora Administrativa UNACH, docente e investigadora en Enfermer\u00eda. Lider\u00f3 procesos claves en gesti\u00f3n acad\u00e9mica. Su vocaci\u00f3n<\/p>\n<div class=\"more-link\">\n\t\t\t\t <a href=\"https:\/\/alumni.unach.edu.ec\/index.php\/historias-de-exito\/\" class=\"link-btn\"><span>Seguir leyendo <\/span> <i class=\"icofont-thin-double-right\"><\/i><\/a>\n\t\t\t<\/div>\n","protected":false},"author":1,"featured_media":0,"parent":0,"menu_order":0,"comment_status":"closed","ping_status":"closed","template":"templates\/without-hero.php","meta":{"footnotes":""},"class_list":["post-735","page","type-page","status-publish","hentry"],"_links":{"self":[{"href":"https:\/\/alumni.unach.edu.ec\/index.php\/wp-json\/wp\/v2\/pages\/735","targetHints":{"allow":["GET"]}}],"collection":[{"href":"https:\/\/alumni.unach.edu.ec\/index.php\/wp-json\/wp\/v2\/pages"}],"about":[{"href":"https:\/\/alumni.unach.edu.ec\/index.php\/wp-json\/wp\/v2\/types\/page"}],"author":[{"embeddable":true,"href":"https:\/\/alumni.unach.edu.ec\/index.php\/wp-json\/wp\/v2\/users\/1"}],"replies":[{"embeddable":true,"href":"https:\/\/alumni.unach.edu.ec\/index.php\/wp-json\/wp\/v2\/comments?post=735"}],"version-history":[{"count":70,"href":"https:\/\/alumni.unach.edu.ec\/index.php\/wp-json\/wp\/v2\/pages\/735\/revisions"}],"predecessor-version":[{"id":1097,"href":"https:\/\/alumni.unach.edu.ec\/index.php\/wp-json\/wp\/v2\/pages\/735\/revisions\/1097"}],"wp:attachment":[{"href":"https:\/\/alumni.unach.edu.ec\/index.php\/wp-json\/wp\/v2\/media?parent=735"}],"curies":[{"name":"wp","href":"https:\/\/api.w.org\/{rel}","templated":true}]}}