{"id":795,"date":"2025-05-08T08:58:55","date_gmt":"2025-05-08T13:58:55","guid":{"rendered":"https:\/\/alumni.unach.edu.ec\/?page_id=795"},"modified":"2025-05-08T16:32:46","modified_gmt":"2025-05-08T21:32:46","slug":"yolanda-elizabeth-salazar-granizo","status":"publish","type":"page","link":"https:\/\/alumni.unach.edu.ec\/index.php\/yolanda-elizabeth-salazar-granizo\/","title":{"rendered":"Yolanda Elizabeth Salazar Granizo"},"content":{"rendered":"<div class=\"x_elementToProof\" data-ogsc=\"rgb(0, 0, 0)\" data-olk-copy-source=\"MessageBody\">\n<p style=\"text-align: justify;\"><strong><img fetchpriority=\"high\" decoding=\"async\" class=\"size-medium wp-image-842 alignleft\" src=\"https:\/\/alumni.unach.edu.ec\/wp-content\/uploads\/2025\/05\/8-300x300.png\" alt=\"\" width=\"300\" height=\"300\" srcset=\"https:\/\/alumni.unach.edu.ec\/wp-content\/uploads\/2025\/05\/8-300x300.png 300w, https:\/\/alumni.unach.edu.ec\/wp-content\/uploads\/2025\/05\/8-1024x1024.png 1024w, https:\/\/alumni.unach.edu.ec\/wp-content\/uploads\/2025\/05\/8-150x150.png 150w, https:\/\/alumni.unach.edu.ec\/wp-content\/uploads\/2025\/05\/8-768x768.png 768w, https:\/\/alumni.unach.edu.ec\/wp-content\/uploads\/2025\/05\/8.png 1200w\" sizes=\"(max-width: 300px) 100vw, 300px\" \/>Yolanda Elizabeth Salazar Granizo<em>,<\/em><\/strong> es Licenciada en Enfermer\u00eda por la Universidad Nacional de Chimborazo, ha consolidado una trayectoria ejemplar en el \u00e1mbito acad\u00e9mico y profesional de la salud. Cuenta con un diploma superior en Pedagog\u00edas Innovadoras por la UTPL y una especializaci\u00f3n como experta en el manejo de procesos e-learning; as\u00ed como tambi\u00e9n, posee una Maestr\u00eda en Enfermer\u00eda Cl\u00ednico Quir\u00fargica y actualmente es Candidata a Doctora PhD, en Medicina Cl\u00ednica y Salud P\u00fablica por la Universidad de Granada, Espa\u00f1a.<\/p>\n<p style=\"text-align: justify;\">Su compromiso con la excelencia educativa la ha llevado a desempe\u00f1arse como docente titular, directora de carrera, subdecana de la Facultad de Ciencias de la Salud, representante docente ante el Honorable Consejo Universitario, y actualmente funge como Vicerrectora Administrativa de la UNACH.<\/p>\n<p style=\"text-align: justify;\">Adem\u00e1s, ha sido t\u00e9cnica evaluadora del sistema de educaci\u00f3n superior, asesora en la construcci\u00f3n de protocolos nacionales de enfermer\u00eda y elaboradora de preguntas para el Examen Nacional de Evaluaci\u00f3n de Carreras del CAACES.<\/p>\n<p style=\"text-align: justify;\">Ha dirigido y colaborado en proyectos de investigaci\u00f3n con financiamiento nacional e internacional, reafirmando su vocaci\u00f3n por el desarrollo acad\u00e9mico con impacto social. Gracias a su liderazgo, la UNACH fue reconocida con el distintivo internacional de Universidad Soludable, \u00fanica universidad en el pa\u00eds con este distintivo.<\/p>\n<p style=\"text-align: justify;\">\u201cLa UNACH ha sido el espacio donde consolid\u00e9 mi vocaci\u00f3n por el cuidado y la docencia. Servir desde la salud y la educaci\u00f3n es una forma de transformar vidas con humanidad y compromiso.\u201d<\/p>\n<\/div>\n","protected":false},"excerpt":{"rendered":"<p>Yolanda Elizabeth Salazar Granizo, es Licenciada en Enfermer\u00eda por la Universidad Nacional de Chimborazo, ha consolidado una trayectoria ejemplar en el \u00e1mbito acad\u00e9mico y profesional de la salud. Cuenta con un diploma superior en Pedagog\u00edas Innovadoras por la UTPL y una especializaci\u00f3n como experta en el manejo de procesos e-learning; as\u00ed como tambi\u00e9n, posee una<\/p>\n<div class=\"more-link\">\n\t\t\t\t <a href=\"https:\/\/alumni.unach.edu.ec\/index.php\/yolanda-elizabeth-salazar-granizo\/\" class=\"link-btn\"><span>Seguir leyendo <\/span> <i class=\"icofont-thin-double-right\"><\/i><\/a>\n\t\t\t<\/div>\n","protected":false},"author":1,"featured_media":0,"parent":0,"menu_order":0,"comment_status":"closed","ping_status":"closed","template":"templates\/without-hero.php","meta":{"footnotes":""},"class_list":["post-795","page","type-page","status-publish","hentry"],"_links":{"self":[{"href":"https:\/\/alumni.unach.edu.ec\/index.php\/wp-json\/wp\/v2\/pages\/795","targetHints":{"allow":["GET"]}}],"collection":[{"href":"https:\/\/alumni.unach.edu.ec\/index.php\/wp-json\/wp\/v2\/pages"}],"about":[{"href":"https:\/\/alumni.unach.edu.ec\/index.php\/wp-json\/wp\/v2\/types\/page"}],"author":[{"embeddable":true,"href":"https:\/\/alumni.unach.edu.ec\/index.php\/wp-json\/wp\/v2\/users\/1"}],"replies":[{"embeddable":true,"href":"https:\/\/alumni.unach.edu.ec\/index.php\/wp-json\/wp\/v2\/comments?post=795"}],"version-history":[{"count":2,"href":"https:\/\/alumni.unach.edu.ec\/index.php\/wp-json\/wp\/v2\/pages\/795\/revisions"}],"predecessor-version":[{"id":1084,"href":"https:\/\/alumni.unach.edu.ec\/index.php\/wp-json\/wp\/v2\/pages\/795\/revisions\/1084"}],"wp:attachment":[{"href":"https:\/\/alumni.unach.edu.ec\/index.php\/wp-json\/wp\/v2\/media?parent=795"}],"curies":[{"name":"wp","href":"https:\/\/api.w.org\/{rel}","templated":true}]}}